common divisor of z and 21.
21
Let h be 0/(-2) + (12 - 1). Let q = -1990 + 2001. What is the greatest common factor of q and h?
11
Let d = 0 - -1. Let r(q) = -q**2 - q - 1. Let n(m) = 5*m**2 + 16*m - 6. Let l(x) = n(x) + 6*r(x). Let s be l(7). What is the greatest common divisor of d and s?
1
Suppose -3*i = 3*z - 54, -6*z + 87 = -2*z + i. Suppose z*a + 48 = 26*a. What is the greatest common divisor of a and 128?
16
Suppose -5*i - 110 = -7*p + 6*p, 3*p = 4*i + 297. Let z = 30 + -11. Calculate the greatest common divisor of p and z.
19
Let n(r) = r**3 + 9*r**2 + 9*r + 10. Let k be ((-6)/2)/((-3)/(-8)). Let x be n(k). Let z = -75 + 77. Calculate the highest common divisor of z and x.
2
Suppose 3*l + 5*t - 206 - 657 = 0, -4*l = -5*t - 1139. Let z be 237/9 - (-10)/(-30). Calculate the highest common divisor of z and l.
26
Let f be (-3)/4 - 143/(-52). What is the highest common divisor of f and 18?
2
Suppose 5*n + 3*u - 67 = 3*n, -n + 27 = -5*u. Suppose 8 = -4*h, h + n = 5*d - 0*d. Let l be (24/10)/(4/30). What is the highest common divisor of l and d?
6
Suppose -4*n = 0, -3*n = 2*s + 2*n - 14. Suppose -1 = p + 6. Let y be (-1 + 0 + -3)*p. Calculate the highest common divisor of y and s.
7
Let d(a) = a. Let u be -4*(3 - 45/12). Let n(x) = -18. Let k(f) = u*d(f) + n(f). Let c be k(8). What is the greatest common factor of 3 and c?
3
Let n = 379 - 241. Let x = -57 + n. Calculate the highest common factor of 27 and x.
27
Let x be 8/2 + (-2 - -2). Let j(n) = 3*n**3 - n**2 + 3*n - 2. Let z be j(2). Suppose x*t = z - 0. What is the greatest common divisor of t and 4?
2
Suppose -p + 6*p = 2580. Calculate the highest common divisor of p and 12.
12
Suppose r - 288 = 112. What is the greatest common divisor of r and 16?
16
Let f(x) = 3*x**2 + 2*x + 7. Let w be f(3). Let n be (-16)/24*(0 + -24). Suppose c + n = 2*c. What is the highest common divisor of c and w?
8
Suppose -25*y = -22*y - 648. What is the highest common factor of y and 18?
18
Suppose 3 = 3*f, 7*i - f + 6 = 2*i. Suppose 4 + 4 = 4*m. Let a be -39*m*i/6. What is the highest common factor of a and 26?
13
Let x be 126/(-8) + (-2)/8. Let b = x - -18. Let g be b/6 + (-249)/(-9). Calculate the highest common factor of g and 84.
28
Let t = 307 - 227. What is the greatest common divisor of t and 30?
10
Let k(i) = -22*i. Let q be k(-1). Let d be 2 + (5 - 0) + -3. Suppose 3*w - 34 = -5*u, -2 = -4*u - d*w + q. What is the greatest common divisor of u and 4?
4
Suppose -260 = 4*d + 192. Let p = -89 - d. What is the highest common divisor of p and 3?
3
Let i(r) = -3*r**3 + 18*r**2 + 3*r + 3. Let g be i(6). Calculate the greatest common factor of 357 and g.
21
Let p = 125 + -104. Suppose h - 1 = 3. Suppose 8 = h*a - 580. What is the highest common divisor of a and p?
21
Suppose 63*r = 44*r + 16169. Calculate the greatest common divisor of r and 23.
23
Let i be 13/3 + 2/(-6). Suppose 3*y - 4*y + i*u - 4 = 0, 0 = -2*y - u + 19. Let n be 67 + (3/5 - (-506)/115). What is the greatest common divisor of n and y?
8
Suppose -4*w - 42 + 282 = 0. Suppose 0 = -2*s - 9 + 57. Suppose 0*k + k - s = 0. Calculate the highest common divisor of w and k.
12
Let n(i) = -i**3 + 4*i**2 + 4*i. Let k be ((-1)/(-2))/(9/72). Let f be n(k). What is the highest common divisor of 32 and f?
16
Suppose -4*r + 4 + 12 = 0. Let t be 22*(2/4 + -1). Let h(s) = -s**3 - 11*s**2 - 3*s - 5. Let x be h(t). What is the highest common factor of x and r?
4
Let d = 73 - 71. Let r be (-3 - 1)/(d/(-4)). What is the highest common factor of r and 1?
1
Let k(v) = v**3 + 17*v**2 + v + 51. Let p be k(-17). Calculate the highest common factor of 119 and p.
17
Let n(s) = s**3 + 11*s**2 + 13*s + 47. Let y be n(-10). Calculate the highest common divisor of y and 51.
17
Let v(x) = -9*x**2 - 1 - 11*x - 1 - x**3 + 3*x + 3. Let f be v(-8). Suppose 4*q = -2*a + 12 - 0, q - 10 = -4*a. Calculate the highest common factor of q and f.
1
Let v = -948 - -956. Calculate the greatest common factor of 16 and v.
8
Suppose 0*n - 5 = -n. Suppose 3*l - 4*z + 6 = 106, 2*l - 62 = n*z. What is the greatest common factor of 4 and l?
4
Let m(p) = -p**2 - 12*p + 11. Let y(x) = x**2 + 12*x - 12. Let t(u) = 5*m(u) + 4*y(u). Let c be t(-10). Calculate the greatest common factor of c and 18.
9
Suppose -3*l + 12*b + 13001 = 11*b, -3*l - 3*b + 12981 = 0. What is the greatest common divisor of l and 76?
76
Suppose 3*t = 42 + 18. What is the highest common factor of t and 95?
5
Let v = 1081 - 861. What is the greatest common divisor of v and 44?
44
Suppose 1524 = 7*p - 828. What is the greatest common factor of p and 42?
42
Suppose 62*j + 627 = 65*j. What is the highest common divisor of j and 44?
11
Suppose 103*i - 75*i = 672. What is the highest common factor of i and 18?
6
Let z = 40 + -20. Suppose -f = -6*f - z. Let h = f + 20. What is the highest common divisor of h and 16?
16
Let z be (-4)/7*7*588/(-24). Calculate the highest common factor of 238 and z.
14
Let o(g) = -g**2 + 179. Let y be o(13). Let u = 46 + -26. What is the highest common divisor of y and u?
10
Let n(k) = 2*k + 3. Let z be n(3). Suppose 5*r = -5*o + 19 + 6, -3*r + 33 = 5*o. Calculate the highest common divisor of z and o.
9
Let c = -36 + 33. Let s be ((-6)/c - -5)*34. What is the greatest common factor of 34 and s?
34
Let l = -519 - -774. What is the greatest common factor of l and 45?
15
Let z(b) = b + 1. Let i be z(4). Let g(p) = 146*p - 4. Let j be g(i). Suppose 7*v = 4*v + j. Calculate the greatest common divisor of v and 22.
22
Suppose -4*n + 31 = -z - 16, 0 = 2*z + 6. Let b = 92 - 15. Suppose -8*j + b = -j. Calculate the greatest common factor of j and n.
11
Let m = -135 + 192. Calculate the highest common factor of m and 114.
57
Let p be -1 + 3 + 1 - 0. Let s(x) = 3*x + 16. Let b be s(p). Calculate the greatest common divisor of b and 50.
25
Let j be -3 - (-9)/((-36)/(-88)). Calculate the highest common factor of j and 95.
19
Let k be (-9)/12 - 1/((-8)/78). What is the highest common divisor of k and 207?
9
Suppose -4*f - 13 = 5*q - 0*q, -2*q = 5*f - 5. Let v be -251 - (-3)/(0 - f). Let c = 472 + v. What is the greatest common factor of c and 20?
20
Suppose -7*n = 152 - 47. Let c(f) = f**2 + 15*f + 4. Let h be c(n). What is the highest common factor of 4 and h?
4
Let i be -1 + 25 + 0 - -3. Let w = i - 10. Suppose -g + w = s, 0*s - s + 23 = 4*g. What is the greatest common divisor of 135 and s?
15
Let k = -268 + 430. Calculate the greatest common divisor of 36 and k.
18
Suppose 288 = 81*w - 79*w. Suppose 0 = x + 8*x - w. What is the greatest common divisor of x and 2?
2
Suppose -49*j - 50718 + 183606 = 0. What is the highest common divisor of j and 24?
24
Suppose -5*q - 193 = 2*x, 0 = x + 4*x - 5. Suppose -2*t + 29 = -81. Let j = q + t. What is the highest common factor of j and 4?
4
Let k = 521 - 289. Calculate the greatest common factor of k and 29.
29
Suppose -4*f + 73 = 5*u, u - 53 = f - 5*f. Let a(d) = -d**3 - 2. Let l be a(0). Let y be l/(-5) - (-8)/5. Calculate the greatest common factor of f and y.
2
Let h be -192 + -18 + 3/(-2)*-2. Let a = h + 367. What is the greatest common factor of 16 and a?
16
Let t be (-30)/(-40) + (-442)/(-8). What is the greatest common factor of 64 and t?
8
Let h = -361 + 407. What is the highest common factor of 4 and h?
2
Suppose 0 = 5*c - r - 8157, -c + 0*c + 1635 = r. What is the highest common factor of 48 and c?
48
Let y be 2/7 + 18/(-63). Let o(h) = -h - 4. Let r be o(-6). Suppose -2*b - 3*i - 7 = y, 3*b = -r*i - 1 - 2. Calculate the greatest common divisor of 1 and b.
1
Let p be 988/14 + (-12)/21. Let o be (-4)/((4/14)/(-1)). What is the greatest common factor of p and o?
14
Let w(m) = 29*m**2 - 17*m + 26. Let t be w(2). What is the greatest common divisor of t and 135?
27
Suppose -5*z - 15 = 0, 60*b - 15 = 58*b + 3*z. What is the greatest common divisor of b and 102?
3
Let w(d) = 3*d**2 + 4*d - 5. Let z be w(4). Suppose 1 = 4*r - z. Let j = -74 - -89. Calculate the greatest common factor of r and j.
15
Suppose 5*v - 43 = -3*o, -3*o = -6*v + 3*v - 27. Let h be (-50)/(-4) + o/(-22). Let k = 325 + -229. What is the highest common factor of k and h?
12
Suppose -r + 15 = 11. Suppose -13*z + 144 = -r*z. What is the highest common divisor of 80 and z?
16
Suppose b - 148 = -4*